{"id":1432,"date":"2025-03-10T15:49:17","date_gmt":"2025-03-10T13:49:17","guid":{"rendered":"https:\/\/impresiona.zaragozadinamica.net\/?page_id=1432"},"modified":"2025-10-10T08:37:18","modified_gmt":"2025-10-10T06:37:18","slug":"fases-formativas-pex-2023-2024","status":"publish","type":"page","link":"https:\/\/impresiona.zaragozadinamica.net\/?page_id=1432","title":{"rendered":"Fases Formativas   PEX- 2025\/2026"},"content":{"rendered":"\n<p>El Programa Experiencial Impresiona Zaragoza III consta de <em><strong>TRES Fases Formativas<\/strong><\/em> :<\/p>\n\n\n\n<div class=\"wp-block-media-text is-stacked-on-mobile\" style=\"grid-template-columns:52% auto\"><figure class=\"wp-block-media-text__media\"><img loading=\"lazy\" decoding=\"async\" width=\"500\" height=\"375\" src=\"https:\/\/impresiona.zaragozadinamica.net\/wp-content\/uploads\/2023\/05\/9e939c45-66b5-499d-be8f-cafe8d84e0b0-500x375.jpg\" alt=\"\" class=\"wp-image-2610 size-full\" srcset=\"https:\/\/impresiona.zaragozadinamica.net\/wp-content\/uploads\/2023\/05\/9e939c45-66b5-499d-be8f-cafe8d84e0b0-500x375.jpg 500w, https:\/\/impresiona.zaragozadinamica.net\/wp-content\/uploads\/2023\/05\/9e939c45-66b5-499d-be8f-cafe8d84e0b0-200x150.jpg 200w, https:\/\/impresiona.zaragozadinamica.net\/wp-content\/uploads\/2023\/05\/9e939c45-66b5-499d-be8f-cafe8d84e0b0-768x576.jpg 768w, https:\/\/impresiona.zaragozadinamica.net\/wp-content\/uploads\/2023\/05\/9e939c45-66b5-499d-be8f-cafe8d84e0b0-1536x1152.jpg 1536w, https:\/\/impresiona.zaragozadinamica.net\/wp-content\/uploads\/2023\/05\/9e939c45-66b5-499d-be8f-cafe8d84e0b0-880x660.jpg 880w, https:\/\/impresiona.zaragozadinamica.net\/wp-content\/uploads\/2023\/05\/9e939c45-66b5-499d-be8f-cafe8d84e0b0.jpg 1600w\" sizes=\"auto, (max-width: 500px) 100vw, 500px\" \/><\/figure><div class=\"wp-block-media-text__content\">\n<p class=\"has-drop-cap has-text-align-left\"><strong>1\u00aa Fase Formativa <\/strong> de 3 meses de duraci\u00f3n que basar\u00e1 la formaci\u00f3n del alumnado en la adquisici\u00f3n, aprendizaje y evaluaci\u00f3n del certificado de profesionalidad <em>ARGI0209-IMPRESI\u00d3N DIGITAL<\/em> y de diferentes m\u00f3dulos complementarios importantes para el desarrollo de la profesi\u00f3n.<\/p>\n<\/div><\/div>\n\n\n\n<div class=\"wp-block-media-text is-stacked-on-mobile\" style=\"grid-template-columns:33% auto\"><figure class=\"wp-block-media-text__media\"><img decoding=\"async\" src=\"https:\/\/impresiona.zaragozadinamica.net\/wp-content\/uploads\/2023\/05\/IMG-20230516-WA0003-1024x771.jpg\" alt=\"\" class=\"wp-image-1517 size-full\"\/><\/figure><div class=\"wp-block-media-text__content\">\n<p class=\"has-drop-cap\"><strong>2\u00aa Fase Formativa en alternancia<\/strong> tambi\u00e9n de 3 meses de duraci\u00f3n donde el alumno trabajador ir\u00e1 consolidando  lo aprendido realizando trabajos reales al tiempo que sigue su aprendizaje te\u00f3rico-pr\u00e1ctico con complementos formativos relevantes para completar su desarrollo profesional .<\/p>\n<\/div><\/div>\n\n\n\n<div class=\"wp-block-media-text is-stacked-on-mobile\" style=\"grid-template-columns:33% auto\"><figure class=\"wp-block-media-text__media\"><img decoding=\"async\" src=\"https:\/\/impresiona.zaragozadinamica.net\/wp-content\/uploads\/2023\/11\/IMG_3367-1-1024x768.jpg\" alt=\"\" class=\"wp-image-1830 size-full\"\/><\/figure><div class=\"wp-block-media-text__content\">\n<p class=\"has-drop-cap\"><strong>3\u00aa Fase y \u00faltima del programa PEX<\/strong> de 6 meses de duraci\u00f3n, centrada en  la actividad en trabajos reales, objetivo material del proyecto.<\/p>\n<\/div><\/div>\n","protected":false},"excerpt":{"rendered":"<p>El Programa Experiencial Impresiona Zaragoza III consta de TRES Fases Formativas : 1\u00aa Fase Formativa de 3 meses de duraci\u00f3n que basar\u00e1 la formaci\u00f3n del alumnado en la adquisici\u00f3n, aprendizaje<\/p>\n","protected":false},"author":3,"featured_media":0,"parent":0,"menu_order":0,"comment_status":"closed","ping_status":"closed","template":"","meta":{"footnotes":""},"class_list":["post-1432","page","type-page","status-publish","hentry"],"aioseo_notices":[],"_links":{"self":[{"href":"https:\/\/impresiona.zaragozadinamica.net\/index.php?rest_route=\/wp\/v2\/pages\/1432","targetHints":{"allow":["GET"]}}],"collection":[{"href":"https:\/\/impresiona.zaragozadinamica.net\/index.php?rest_route=\/wp\/v2\/pages"}],"about":[{"href":"https:\/\/impresiona.zaragozadinamica.net\/index.php?rest_route=\/wp\/v2\/types\/page"}],"author":[{"embeddable":true,"href":"https:\/\/impresiona.zaragozadinamica.net\/index.php?rest_route=\/wp\/v2\/users\/3"}],"replies":[{"embeddable":true,"href":"https:\/\/impresiona.zaragozadinamica.net\/index.php?rest_route=%2Fwp%2Fv2%2Fcomments&post=1432"}],"version-history":[{"count":13,"href":"https:\/\/impresiona.zaragozadinamica.net\/index.php?rest_route=\/wp\/v2\/pages\/1432\/revisions"}],"predecessor-version":[{"id":2653,"href":"https:\/\/impresiona.zaragozadinamica.net\/index.php?rest_route=\/wp\/v2\/pages\/1432\/revisions\/2653"}],"wp:attachment":[{"href":"https:\/\/impresiona.zaragozadinamica.net\/index.php?rest_route=%2Fwp%2Fv2%2Fmedia&parent=1432"}],"curies":[{"name":"wp","href":"https:\/\/api.w.org\/{rel}","templated":true}]}}